{"id":772,"date":"2022-10-03T12:53:04","date_gmt":"2022-10-03T12:53:04","guid":{"rendered":"https:\/\/angiopuebla.mx\/angiowpangiowp\/?page_id=772"},"modified":"2022-11-08T18:41:15","modified_gmt":"2022-11-08T18:41:15","slug":"estenosis-carotidea","status":"publish","type":"page","link":"https:\/\/angiopuebla.mx\/angiowp\/estenosis-carotidea\/","title":{"rendered":"Estenosis Carot\u00eddea"},"content":{"rendered":"\t\t<div data-elementor-type=\"wp-page\" data-elementor-id=\"772\" class=\"elementor elementor-772\" data-elementor-post-type=\"page\">\n\t\t\t\t\t\t<section class=\"elementor-section elementor-top-section elementor-element elementor-element-e400457 elementor-section-boxed elementor-section-height-default elementor-section-height-default\" data-id=\"e400457\" data-element_type=\"section\">\n\t\t\t\t\t\t<div class=\"elementor-container elementor-column-gap-default\">\n\t\t\t\t\t<div class=\"elementor-column elementor-col-100 elementor-top-column elementor-element elementor-element-0681ae3\" data-id=\"0681ae3\" data-element_type=\"column\">\n\t\t\t<div class=\"elementor-widget-wrap elementor-element-populated\">\n\t\t\t\t\t\t<div class=\"elementor-element elementor-element-7b36e53 elementor-widget elementor-widget-spacer\" data-id=\"7b36e53\" data-element_type=\"widget\" data-widget_type=\"spacer.default\">\n\t\t\t\t<div class=\"elementor-widget-container\">\n\t\t\t\t\t\t\t<div class=\"elementor-spacer\">\n\t\t\t<div class=\"elementor-spacer-inner\"><\/div>\n\t\t<\/div>\n\t\t\t\t\t\t<\/div>\n\t\t\t\t<\/div>\n\t\t\t\t\t<\/div>\n\t\t<\/div>\n\t\t\t\t\t<\/div>\n\t\t<\/section>\n\t\t\t\t<section class=\"elementor-section elementor-top-section elementor-element elementor-element-6560add elementor-section-boxed elementor-section-height-default elementor-section-height-default\" data-id=\"6560add\" data-element_type=\"section\" data-settings=\"{&quot;background_background&quot;:&quot;classic&quot;}\">\n\t\t\t\t\t\t<div class=\"elementor-container elementor-column-gap-default\">\n\t\t\t\t\t<div class=\"elementor-column elementor-col-50 elementor-top-column elementor-element elementor-element-a8b70c7\" data-id=\"a8b70c7\" data-element_type=\"column\">\n\t\t\t<div class=\"elementor-widget-wrap elementor-element-populated\">\n\t\t\t\t\t\t<div class=\"elementor-element elementor-element-4625d91 elementor-widget elementor-widget-heading\" data-id=\"4625d91\" data-element_type=\"widget\" data-widget_type=\"heading.default\">\n\t\t\t\t<div class=\"elementor-widget-container\">\n\t\t\t\t\t<h1 class=\"elementor-heading-title elementor-size-default\">Estenosis carot\u00eddea<\/h1>\t\t\t\t<\/div>\n\t\t\t\t<\/div>\n\t\t\t\t\t<\/div>\n\t\t<\/div>\n\t\t\t\t<div class=\"elementor-column elementor-col-50 elementor-top-column elementor-element elementor-element-c5e2c45\" data-id=\"c5e2c45\" data-element_type=\"column\">\n\t\t\t<div class=\"elementor-widget-wrap elementor-element-populated\">\n\t\t\t\t\t\t<div class=\"elementor-element elementor-element-f968d8f elementor-widget elementor-widget-image\" data-id=\"f968d8f\" data-element_type=\"widget\" data-widget_type=\"image.default\">\n\t\t\t\t<div class=\"elementor-widget-container\">\n\t\t\t\t\t\t\t\t\t\t\t\t\t\t\t<img fetchpriority=\"high\" decoding=\"async\" width=\"300\" height=\"236\" src=\"https:\/\/angiopuebla.mx\/angiowp\/wp-content\/uploads\/2022\/10\/Estenosis-carotidea1-300x236.jpg\" class=\"attachment-medium size-medium wp-image-861\" alt=\"\" srcset=\"https:\/\/angiopuebla.mx\/angiowp\/wp-content\/uploads\/2022\/10\/Estenosis-carotidea1-300x236.jpg 300w, https:\/\/angiopuebla.mx\/angiowp\/wp-content\/uploads\/2022\/10\/Estenosis-carotidea1-768x605.jpg 768w, https:\/\/angiopuebla.mx\/angiowp\/wp-content\/uploads\/2022\/10\/Estenosis-carotidea1.jpg 1024w\" sizes=\"(max-width: 300px) 100vw, 300px\" \/>\t\t\t\t\t\t\t\t\t\t\t\t\t\t\t<\/div>\n\t\t\t\t<\/div>\n\t\t\t\t\t<\/div>\n\t\t<\/div>\n\t\t\t\t\t<\/div>\n\t\t<\/section>\n\t\t\t\t<section class=\"elementor-section elementor-top-section elementor-element elementor-element-fc27018 elementor-section-boxed elementor-section-height-default elementor-section-height-default\" data-id=\"fc27018\" data-element_type=\"section\">\n\t\t\t\t\t\t<div class=\"elementor-container elementor-column-gap-default\">\n\t\t\t\t\t<div class=\"elementor-column elementor-col-100 elementor-top-column elementor-element elementor-element-23e3b23\" data-id=\"23e3b23\" data-element_type=\"column\">\n\t\t\t<div class=\"elementor-widget-wrap elementor-element-populated\">\n\t\t\t\t\t\t<div class=\"elementor-element elementor-element-1662959 elementor-widget elementor-widget-spacer\" data-id=\"1662959\" data-element_type=\"widget\" data-widget_type=\"spacer.default\">\n\t\t\t\t<div class=\"elementor-widget-container\">\n\t\t\t\t\t\t\t<div class=\"elementor-spacer\">\n\t\t\t<div class=\"elementor-spacer-inner\"><\/div>\n\t\t<\/div>\n\t\t\t\t\t\t<\/div>\n\t\t\t\t<\/div>\n\t\t\t\t\t<\/div>\n\t\t<\/div>\n\t\t\t\t\t<\/div>\n\t\t<\/section>\n\t\t\t\t<section class=\"elementor-section elementor-top-section elementor-element elementor-element-c9c729d elementor-section-boxed elementor-section-height-default elementor-section-height-default\" data-id=\"c9c729d\" data-element_type=\"section\">\n\t\t\t\t\t\t<div class=\"elementor-container elementor-column-gap-default\">\n\t\t\t\t\t<div class=\"elementor-column elementor-col-33 elementor-top-column elementor-element elementor-element-e581fe3\" data-id=\"e581fe3\" data-element_type=\"column\">\n\t\t\t<div class=\"elementor-widget-wrap\">\n\t\t\t\t\t\t\t<\/div>\n\t\t<\/div>\n\t\t\t\t<div class=\"elementor-column elementor-col-33 elementor-top-column elementor-element elementor-element-ac5b050\" data-id=\"ac5b050\" data-element_type=\"column\">\n\t\t\t<div class=\"elementor-widget-wrap elementor-element-populated\">\n\t\t\t\t\t\t<div class=\"elementor-element elementor-element-df33732 elementor-widget elementor-widget-text-editor\" data-id=\"df33732\" data-element_type=\"widget\" data-widget_type=\"text-editor.default\">\n\t\t\t\t<div class=\"elementor-widget-container\">\n\t\t\t\t\t\t\t\t\t<p><span style=\"font-weight: 400;\">Tus arterias car\u00f3tidas son las dos arterias principales que transportan la sangre desde el coraz\u00f3n, pasando por el cuello y hasta el cerebro. Las arterias car\u00f3tidas sanas son suaves y sin obstrucciones, lo que permite que la sangre fluya libremente hacia el cerebro, d\u00e1ndole ox\u00edgeno, glucosa y otros nutrientes que tus c\u00e9lulas cerebrales necesitan. Por lo general y con la edad, placa se acumula en las arterias car\u00f3tidas, y est\u00e1 compuesta principalmente de grasa y colesterol. La placa hace que el interior de las arterias se estreche y las hace r\u00edgidas. Este proceso se conoce com\u00fanmente como \u00abendurecimiento de las arterias\u00bb o ateroesclerosis. La enfermedad de la arteria car\u00f3tida se produce cuando las arterias car\u00f3tidas se vuelven m\u00e1s estrechas o se obstruyen, creando el riesgo de que la placa llegue al cerebro y cause un derrame cerebral.<\/span><\/p>\t\t\t\t\t\t\t\t<\/div>\n\t\t\t\t<\/div>\n\t\t\t\t\t<\/div>\n\t\t<\/div>\n\t\t\t\t<div class=\"elementor-column elementor-col-33 elementor-top-column elementor-element elementor-element-47b4a26\" data-id=\"47b4a26\" data-element_type=\"column\">\n\t\t\t<div class=\"elementor-widget-wrap\">\n\t\t\t\t\t\t\t<\/div>\n\t\t<\/div>\n\t\t\t\t\t<\/div>\n\t\t<\/section>\n\t\t\t\t<section class=\"elementor-section elementor-top-section elementor-element elementor-element-e42d59e elementor-section-boxed elementor-section-height-default elementor-section-height-default\" data-id=\"e42d59e\" data-element_type=\"section\">\n\t\t\t\t\t\t<div class=\"elementor-container elementor-column-gap-default\">\n\t\t\t\t\t<div class=\"elementor-column elementor-col-25 elementor-top-column elementor-element elementor-element-134625c\" data-id=\"134625c\" data-element_type=\"column\">\n\t\t\t<div class=\"elementor-widget-wrap\">\n\t\t\t\t\t\t\t<\/div>\n\t\t<\/div>\n\t\t\t\t<div class=\"elementor-column elementor-col-25 elementor-top-column elementor-element elementor-element-8b2200f\" data-id=\"8b2200f\" data-element_type=\"column\">\n\t\t\t<div class=\"elementor-widget-wrap elementor-element-populated\">\n\t\t\t\t\t\t<div class=\"elementor-element elementor-element-f0891ed elementor-widget elementor-widget-heading\" data-id=\"f0891ed\" data-element_type=\"widget\" data-widget_type=\"heading.default\">\n\t\t\t\t<div class=\"elementor-widget-container\">\n\t\t\t\t\t<h3 class=\"elementor-heading-title elementor-size-default\">S\u00edntomas<\/h3>\t\t\t\t<\/div>\n\t\t\t\t<\/div>\n\t\t\t\t<div class=\"elementor-element elementor-element-24bd00b elementor-widget elementor-widget-text-editor\" data-id=\"24bd00b\" data-element_type=\"widget\" data-widget_type=\"text-editor.default\">\n\t\t\t\t<div class=\"elementor-widget-container\">\n\t\t\t\t\t\t\t\t\t<p><span style=\"font-weight: 400;\">Es posible que no se tengan s\u00edntomas en las etapas tempranas de la enfermedad de la arteria car\u00f3tida, y el derrame cerebral podr\u00eda ser la primera se\u00f1al de esta condici\u00f3n.\u00a0<\/span><\/p><p><span style=\"font-weight: 400;\">Sin embargo, los derrames cerebrales por lo general tienen advertencias, conocidas como mini derrames cerebrales o ataques isqu\u00e9micos transitorios (TIA, por sus siglas en ingl\u00e9s).\u00a0<\/span><\/p><p><span style=\"font-weight: 400;\">Los s\u00edntomas de los mini derrames cerebrales son generalmente temporales, duran de unos minutos a unas pocas horas, y deben tratarse como emergencias m\u00e9dicas graves que requieren de un tratamiento inmediato porque son fuertes predictores de un futuro derrame cerebral.\u00a0<\/span><\/p><p><span style=\"font-weight: 400;\">Algunos s\u00edntomas de derrames cerebrales o TIA pueden incluir:\u00a0<\/span><\/p><p><span style=\"font-weight: 400;\">&#8211; Debilidad, entumecimiento u hormigueo en un lado del cuerpo\u00a0<\/span><\/p><p><span style=\"font-weight: 400;\">&#8211; Incapacidad para controlar el movimiento de una parte del cuerpo\u00a0<\/span><\/p><p><span style=\"font-weight: 400;\">&#8211; P\u00e9rdida de la visi\u00f3n o visi\u00f3n borrosa en uno o ambos ojos\u00a0<\/span><\/p><p><span style=\"font-weight: 400;\">&#8211; Incapacidad para hablar claramente\u00a0<\/span><\/p><p><span style=\"font-weight: 400;\">&#8211; Dificultad para hablar o entender lo que otros dicen<\/span><\/p>\t\t\t\t\t\t\t\t<\/div>\n\t\t\t\t<\/div>\n\t\t\t\t\t<\/div>\n\t\t<\/div>\n\t\t\t\t<div class=\"elementor-column elementor-col-25 elementor-top-column elementor-element elementor-element-3a9e1fd\" data-id=\"3a9e1fd\" data-element_type=\"column\">\n\t\t\t<div class=\"elementor-widget-wrap elementor-element-populated\">\n\t\t\t\t\t\t<div class=\"elementor-element elementor-element-3888c44 elementor-widget elementor-widget-heading\" data-id=\"3888c44\" data-element_type=\"widget\" data-widget_type=\"heading.default\">\n\t\t\t\t<div class=\"elementor-widget-container\">\n\t\t\t\t\t<h3 class=\"elementor-heading-title elementor-size-default\">Causas y factores de riesgo<\/h3>\t\t\t\t<\/div>\n\t\t\t\t<\/div>\n\t\t\t\t<div class=\"elementor-element elementor-element-6dbed8d elementor-widget elementor-widget-text-editor\" data-id=\"6dbed8d\" data-element_type=\"widget\" data-widget_type=\"text-editor.default\">\n\t\t\t\t<div class=\"elementor-widget-container\">\n\t\t\t\t\t\t\t\t\t<ul><li>Edad<\/li><li><span style=\"font-weight: 400;\">Presi\u00f3n arterial alta\u00a0<\/span><\/li><li><span style=\"font-weight: 400;\"> Diabetes\u00a0<\/span><\/li><li><span style=\"font-weight: 400;\"> Fumar\u00a0<\/span><\/li><li><span style=\"font-weight: 400;\"> Colesterol alto\u00a0<\/span><\/li><li><span style=\"font-weight: 400;\"> Obesidad\u00a0<\/span><\/li><li><span style=\"font-weight: 400;\"> Falta de ejercicio\u00a0<\/span><\/li><li><span style=\"font-weight: 400;\"> Historial familiar de endurecimiento de las arterias y\/o apoplej\u00edas<\/span><\/li><\/ul>\t\t\t\t\t\t\t\t<\/div>\n\t\t\t\t<\/div>\n\t\t\t\t\t<\/div>\n\t\t<\/div>\n\t\t\t\t<div class=\"elementor-column elementor-col-25 elementor-top-column elementor-element elementor-element-a216bfe\" data-id=\"a216bfe\" data-element_type=\"column\">\n\t\t\t<div class=\"elementor-widget-wrap\">\n\t\t\t\t\t\t\t<\/div>\n\t\t<\/div>\n\t\t\t\t\t<\/div>\n\t\t<\/section>\n\t\t\t\t<section class=\"elementor-section elementor-top-section elementor-element elementor-element-98312e0 elementor-section-boxed elementor-section-height-default elementor-section-height-default\" data-id=\"98312e0\" data-element_type=\"section\">\n\t\t\t\t\t\t<div class=\"elementor-container elementor-column-gap-default\">\n\t\t\t\t\t<div class=\"elementor-column elementor-col-25 elementor-top-column elementor-element elementor-element-a481dc0\" data-id=\"a481dc0\" data-element_type=\"column\">\n\t\t\t<div class=\"elementor-widget-wrap\">\n\t\t\t\t\t\t\t<\/div>\n\t\t<\/div>\n\t\t\t\t<div class=\"elementor-column elementor-col-25 elementor-top-column elementor-element elementor-element-2573b63\" data-id=\"2573b63\" data-element_type=\"column\">\n\t\t\t<div class=\"elementor-widget-wrap elementor-element-populated\">\n\t\t\t\t\t\t<div class=\"elementor-element elementor-element-1bcb793 elementor-widget elementor-widget-heading\" data-id=\"1bcb793\" data-element_type=\"widget\" data-widget_type=\"heading.default\">\n\t\t\t\t<div class=\"elementor-widget-container\">\n\t\t\t\t\t<h3 class=\"elementor-heading-title elementor-size-default\">Diagn\u00f3stico<\/h3>\t\t\t\t<\/div>\n\t\t\t\t<\/div>\n\t\t\t\t<div class=\"elementor-element elementor-element-f00f219 elementor-widget elementor-widget-text-editor\" data-id=\"f00f219\" data-element_type=\"widget\" data-widget_type=\"text-editor.default\">\n\t\t\t\t<div class=\"elementor-widget-container\">\n\t\t\t\t\t\t\t\t\t<p><span style=\"font-weight: 400;\">Si tu m\u00e9dico sospecha de la enfermedad de la arteria car\u00f3tida, \u00e9sta puede confirmarse mediante un examen de ultrasonido d\u00faplex no invasivo. La ecograf\u00eda tambi\u00e9n puede mostrar lo grave que es la enfermedad. Si sientes s\u00edntomas de un mini derrame cerebral (p\u00e1gina anterior), busca atenci\u00f3n m\u00e9dica de inmediato. Luego, tu m\u00e9dico puede pedirte que consultes a un especialista vascular ya que est\u00e1 altamente capacitado en todos los tipos de procedimientos vasculares.<\/span><\/p>\t\t\t\t\t\t\t\t<\/div>\n\t\t\t\t<\/div>\n\t\t\t\t\t<\/div>\n\t\t<\/div>\n\t\t\t\t<div class=\"elementor-column elementor-col-25 elementor-top-column elementor-element elementor-element-b1f476b\" data-id=\"b1f476b\" data-element_type=\"column\">\n\t\t\t<div class=\"elementor-widget-wrap elementor-element-populated\">\n\t\t\t\t\t\t<div class=\"elementor-element elementor-element-ce5bed1 elementor-widget elementor-widget-heading\" data-id=\"ce5bed1\" data-element_type=\"widget\" data-widget_type=\"heading.default\">\n\t\t\t\t<div class=\"elementor-widget-container\">\n\t\t\t\t\t<h3 class=\"elementor-heading-title elementor-size-default\">Tratamientos<\/h3>\t\t\t\t<\/div>\n\t\t\t\t<\/div>\n\t\t\t\t<div class=\"elementor-element elementor-element-f732cb1 elementor-widget elementor-widget-text-editor\" data-id=\"f732cb1\" data-element_type=\"widget\" data-widget_type=\"text-editor.default\">\n\t\t\t\t<div class=\"elementor-widget-container\">\n\t\t\t\t\t\t\t\t\t<p><span style=\"font-weight: 400;\">Seg\u00fan la gravedad de tu condici\u00f3n, las opciones de tratamiento pueden incluir cambios en el estilo de vida, medicamentos o procedimientos como la endarterectom\u00eda carot\u00eddea (limpieza de la placa con cirug\u00eda) o, en casos puntuales, la colocaci\u00f3n de un stent en la arteria car\u00f3tida. Algunos pacientes se benefician de esta operaci\u00f3n, incluso si no presentan s\u00edntomas basados en la esperanza de vida y el grado de estrechamiento.<\/span><\/p>\t\t\t\t\t\t\t\t<\/div>\n\t\t\t\t<\/div>\n\t\t\t\t\t<\/div>\n\t\t<\/div>\n\t\t\t\t<div class=\"elementor-column elementor-col-25 elementor-top-column elementor-element elementor-element-f247779\" data-id=\"f247779\" data-element_type=\"column\">\n\t\t\t<div class=\"elementor-widget-wrap\">\n\t\t\t\t\t\t\t<\/div>\n\t\t<\/div>\n\t\t\t\t\t<\/div>\n\t\t<\/section>\n\t\t\t\t<section class=\"elementor-section elementor-top-section elementor-element elementor-element-f667d0e elementor-section-boxed elementor-section-height-default elementor-section-height-default\" data-id=\"f667d0e\" data-element_type=\"section\">\n\t\t\t\t\t\t<div class=\"elementor-container elementor-column-gap-default\">\n\t\t\t\t\t<div class=\"elementor-column elementor-col-100 elementor-top-column elementor-element elementor-element-7e15288\" data-id=\"7e15288\" data-element_type=\"column\">\n\t\t\t<div class=\"elementor-widget-wrap elementor-element-populated\">\n\t\t\t\t\t\t<div class=\"elementor-element elementor-element-1fb6092 elementor-widget elementor-widget-spacer\" data-id=\"1fb6092\" data-element_type=\"widget\" data-widget_type=\"spacer.default\">\n\t\t\t\t<div class=\"elementor-widget-container\">\n\t\t\t\t\t\t\t<div class=\"elementor-spacer\">\n\t\t\t<div class=\"elementor-spacer-inner\"><\/div>\n\t\t<\/div>\n\t\t\t\t\t\t<\/div>\n\t\t\t\t<\/div>\n\t\t\t\t\t<\/div>\n\t\t<\/div>\n\t\t\t\t\t<\/div>\n\t\t<\/section>\n\t\t\t\t<\/div>\n\t\t","protected":false},"excerpt":{"rendered":"<p>Estenosis carot\u00eddea Tus arterias car\u00f3tidas son las dos arterias principales que transportan la sangre desde el coraz\u00f3n, pasando por el cuello y hasta el cerebro. Las arterias car\u00f3tidas sanas son suaves y sin obstrucciones, lo que permite que la sangre fluya libremente hacia el cerebro, d\u00e1ndole ox\u00edgeno, glucosa y otros nutrientes que tus c\u00e9lulas cerebrales [&hellip;]<\/p>\n","protected":false},"author":1,"featured_media":0,"parent":0,"menu_order":0,"comment_status":"closed","ping_status":"closed","template":"","meta":{"site-sidebar-layout":"no-sidebar","site-content-layout":"page-builder","ast-site-content-layout":"","site-content-style":"default","site-sidebar-style":"default","ast-global-header-display":"","ast-banner-title-visibility":"","ast-main-header-display":"","ast-hfb-above-header-display":"","ast-hfb-below-header-display":"","ast-hfb-mobile-header-display":"","site-post-title":"disabled","ast-breadcrumbs-content":"","ast-featured-img":"disabled","footer-sml-layout":"","theme-transparent-header-meta":"","adv-header-id-meta":"","stick-header-meta":"","header-above-stick-meta":"","header-main-stick-meta":"","header-below-stick-meta":"","astra-migrate-meta-layouts":"default","ast-page-background-enabled":"default","ast-page-background-meta":{"desktop":{"background-color":"","background-image":"","background-repeat":"repeat","background-position":"center center","background-size":"auto","background-attachment":"scroll","background-type":"","background-media":"","overlay-type":"","overlay-color":"","overlay-opacity":"","overlay-gradient":""},"tablet":{"background-color":"","background-image":"","background-repeat":"repeat","background-position":"center center","background-size":"auto","background-attachment":"scroll","background-type":"","background-media":"","overlay-type":"","overlay-color":"","overlay-opacity":"","overlay-gradient":""},"mobile":{"background-color":"","background-image":"","background-repeat":"repeat","background-position":"center center","background-size":"auto","background-attachment":"scroll","background-type":"","background-media":"","overlay-type":"","overlay-color":"","overlay-opacity":"","overlay-gradient":""}},"ast-content-background-meta":{"desktop":{"background-color":"var(--ast-global-color-5)","background-image":"","background-repeat":"repeat","background-position":"center center","background-size":"auto","background-attachment":"scroll","background-type":"","background-media":"","overlay-type":"","overlay-color":"","overlay-opacity":"","overlay-gradient":""},"tablet":{"background-color":"var(--ast-global-color-5)","background-image":"","background-repeat":"repeat","background-position":"center center","background-size":"auto","background-attachment":"scroll","background-type":"","background-media":"","overlay-type":"","overlay-color":"","overlay-opacity":"","overlay-gradient":""},"mobile":{"background-color":"var(--ast-global-color-5)","background-image":"","background-repeat":"repeat","background-position":"center center","background-size":"auto","background-attachment":"scroll","background-type":"","background-media":"","overlay-type":"","overlay-color":"","overlay-opacity":"","overlay-gradient":""}},"footnotes":""},"class_list":["post-772","page","type-page","status-publish","hentry"],"_links":{"self":[{"href":"https:\/\/angiopuebla.mx\/angiowp\/wp-json\/wp\/v2\/pages\/772","targetHints":{"allow":["GET"]}}],"collection":[{"href":"https:\/\/angiopuebla.mx\/angiowp\/wp-json\/wp\/v2\/pages"}],"about":[{"href":"https:\/\/angiopuebla.mx\/angiowp\/wp-json\/wp\/v2\/types\/page"}],"author":[{"embeddable":true,"href":"https:\/\/angiopuebla.mx\/angiowp\/wp-json\/wp\/v2\/users\/1"}],"replies":[{"embeddable":true,"href":"https:\/\/angiopuebla.mx\/angiowp\/wp-json\/wp\/v2\/comments?post=772"}],"version-history":[{"count":14,"href":"https:\/\/angiopuebla.mx\/angiowp\/wp-json\/wp\/v2\/pages\/772\/revisions"}],"predecessor-version":[{"id":962,"href":"https:\/\/angiopuebla.mx\/angiowp\/wp-json\/wp\/v2\/pages\/772\/revisions\/962"}],"wp:attachment":[{"href":"https:\/\/angiopuebla.mx\/angiowp\/wp-json\/wp\/v2\/media?parent=772"}],"curies":[{"name":"wp","href":"https:\/\/api.w.org\/{rel}","templated":true}]}}